{"id":3627,"date":"2024-03-14T18:38:15","date_gmt":"2024-03-14T16:38:15","guid":{"rendered":"https:\/\/www.escolasantlluis.cat\/novaweb\/?page_id=3627"},"modified":"2025-06-11T08:57:42","modified_gmt":"2025-06-11T06:57:42","slug":"avis-legal","status":"publish","type":"page","link":"https:\/\/www.escolasantlluis.cat\/novaweb\/avis-legal\/","title":{"rendered":"AV\u00cdS LEGAL"},"content":{"rendered":"\t\t<div data-elementor-type=\"wp-page\" data-elementor-id=\"3627\" class=\"elementor elementor-3627\" data-elementor-post-type=\"page\">\n\t\t\t\t\t\t<section class=\"elementor-section elementor-top-section elementor-element elementor-element-956e0fe elementor-section-boxed elementor-section-height-default elementor-section-height-default\" data-id=\"956e0fe\" data-element_type=\"section\" data-e-type=\"section\" data-settings=\"{&quot;background_background&quot;:&quot;classic&quot;}\">\n\t\t\t\t\t\t\t<div class=\"elementor-background-overlay\"><\/div>\n\t\t\t\t\t\t\t<div class=\"elementor-container elementor-column-gap-default\">\n\t\t\t\t\t<div class=\"elementor-column elementor-col-100 elementor-top-column elementor-element elementor-element-222d459\" data-id=\"222d459\" data-element_type=\"column\" data-e-type=\"column\">\n\t\t\t<div class=\"elementor-widget-wrap elementor-element-populated\">\n\t\t\t\t\t\t<div class=\"elementor-element elementor-element-929ddb9 elementor-widget elementor-widget-heading\" data-id=\"929ddb9\" data-element_type=\"widget\" data-e-type=\"widget\" data-widget_type=\"heading.default\">\n\t\t\t\t<div class=\"elementor-widget-container\">\n\t\t\t\t\t<h2 class=\"elementor-heading-title elementor-size-default\">Av\u00eds legal<\/h2>\t\t\t\t<\/div>\n\t\t\t\t<\/div>\n\t\t\t\t\t<\/div>\n\t\t<\/div>\n\t\t\t\t\t<\/div>\n\t\t<\/section>\n\t\t\t\t<section class=\"elementor-section elementor-top-section elementor-element elementor-element-9ce5da4 elementor-section-content-middle elementor-section-boxed elementor-section-height-default elementor-section-height-default\" data-id=\"9ce5da4\" data-element_type=\"section\" data-e-type=\"section\" data-settings=\"{&quot;background_background&quot;:&quot;classic&quot;}\">\n\t\t\t\t\t\t<div class=\"elementor-container elementor-column-gap-no\">\n\t\t\t\t\t<div class=\"elementor-column elementor-col-100 elementor-top-column elementor-element elementor-element-471bfe5\" data-id=\"471bfe5\" data-element_type=\"column\" data-e-type=\"column\">\n\t\t\t<div class=\"elementor-widget-wrap elementor-element-populated\">\n\t\t\t\t\t\t<div class=\"elementor-element elementor-element-0123202 elementor-widget elementor-widget-text-editor\" data-id=\"0123202\" data-element_type=\"widget\" data-e-type=\"widget\" data-widget_type=\"text-editor.default\">\n\t\t\t\t<div class=\"elementor-widget-container\">\n\t\t\t\t\t\t\t\t\t<p>El present Av\u00eds Legal regula les condicions generals d&#8217;acc\u00e9s i utilitzaci\u00f3 del lloc web amb adre\u00e7a URL <a href=\"https:\/\/www.escolasantlluis.cat\/novaweb\/\">https:\/\/www.escolasantlluis.cat\/novaweb\/<\/a> i aquelles que es troben en el subdomini de <a href=\"https:\/\/www.bisbatdeterrassa.org\/ca\/diocesi\/escoles\">https:\/\/www.bisbatdeterrassa.org\/ca\/diocesi\/escoles<\/a>, (en endavant, i conjuntament \u00ablloc web\u00bb).<\/p><p>La finalitat del lloc web \u00e9s informar els usuaris dels serveis i gestionar les relacions i comunicacions del centre escolar Mare de D\u00e9u de la Salut que la Fundaci\u00f3 Escola i Vida gestiona, pugui tenir amb vost\u00e8, aix\u00ed com oferir informaci\u00f3 i serveis del seu inter\u00e8s.<\/p><p><strong>1. IDENTIFICACI\u00d3 DEL TITULAR DEL DOMINI<\/strong><\/p><p>En compliment del deure d&#8217;informaci\u00f3 recollit a l&#8217;article 10 de la Llei 34\/2002, d&#8217;11 de juliol, de Serveis de la Societat de la Informaci\u00f3 i del Comer\u00e7 Electr\u00f2nic, es publiquen les seg\u00fcents dades:<\/p><ul><li>El titular d&#8217;aquest lloc web \u00e9s: FUNDACI\u00d3 ESCOLA I VIDA (Escola Sant Llu\u00eds Gon\u00e7aga), amb domicili al Carrer Vinyals, 47-49; 08221 Terrassa (Barcelona), amb n\u00famero de CIF R0801782D i inscrita al Registre d&#8217;Entitats Religioses del Ministeri de Just\u00edcia.<\/li><li>Tel\u00e8fon de contacte: <a href=\"https:\/\/www.google.com\/search?q=telefono+bisbta+de+terrassa&amp;rlz=1C1CHBD_esES1054ES1054&amp;oq=telefono+bisbta+de+terrassa&amp;gs_lcrp=EgZjaHJvbWUyBggAEEUYOTIJCAEQIRgKGKAB0gEMMTU2NzE2MWowajE1qAIAsAIA&amp;sourceid=chrome&amp;ie=UTF-8\">937 33 71 20<\/a><\/li><li>Correu electr\u00f2nic de contacte: <a href=\"mailto:ppardo@escolaivida.org\">protecciodades@escolaivida.org<\/a><u>.<\/u><\/li><\/ul><p><strong><br \/>2. CONDICIONS GENERALS D&#8217;\u00daS DE LA P\u00c0GINA WEB<\/strong><\/p><ul><li>T\u00e9 la condici\u00f3 d&#8217;usuari tot aquell que accedeixi a aquest lloc web i utilitzi els seus serveis.<\/li><li>Pel sol fet d&#8217;entrar en la present p\u00e0gina web, l&#8217;usuari accepta les presents condicions d&#8217;\u00fas i assumeix la responsabilitat de l&#8217;\u00fas que pugui realitzar d&#8217;aquest lloc sota els principis de respecte a la legalitat vigent, a la moral, a l&#8217;ordre p\u00fablic, als bons costums i als drets de tercers.<\/li><li>Aquesta responsabilitat s&#8217; est\u00e9n al registre que fos necessari per accedir a determinats serveis o continguts, en el proc\u00e9s dels quals l&#8217; usuari haur\u00e0 d&#8217; aportar informaci\u00f3 vera\u00e7 i l\u00edcita.<\/li><\/ul><p>L&#8217;usuari es compromet a realitzar un \u00fas adequat dels continguts i serveis que la Fundaci\u00f3 Escola i Vida ofereix a trav\u00e9s d&#8217;aquest lloc web i, amb car\u00e0cter enunciatiu, per\u00f2 no limitatiu, a no utilitzar-los per:<\/p><ol><li>Provocar danys, deterioraments, saturacions o alentiments en els sistemes f\u00edsics i l\u00f2gic a la Fundaci\u00f3 Escola i Vida, dels seus prove\u00efdors o terceres persones, aix\u00ed com introduir o difondre en la xarxa virus inform\u00e0tics o qualssevol altres sistemes f\u00edsics o l\u00f2gics que siguin susceptibles de provocar els danys anteriorment esmentats.<\/li><li>Intentar accedir i, si s&#8217; escau, utilitzar els comptes de correu electr\u00f2nic d&#8217; altres usuaris i modificar o manipular els seus missatges.<\/li><\/ol><p><strong><br \/>3. PROPIETAT INTEL\u00b7LECTUAL I INDUSTRIAL<\/strong><\/p><p>La Fundaci\u00f3 Escola i Vida \u00e9s titular de tots els drets de propietat intel\u00b7lectual i industrial de les seves p\u00e0gines web, xarxes socials, etc., aix\u00ed com de tot el seu contingut \u2014informaci\u00f3, textos, imatges, gr\u00e0fics i materials\u2014, del disseny del portal \u2014estructura, selecci\u00f3, ordenaci\u00f3, men\u00fas i botons de navegaci\u00f3\u2014, dels programes, del desenvolupament d&#8217;aplicacions utilitzades, dels codis font,\u00a0 aix\u00ed com dels logos, marques i altres signes distintius que hi apareixen, i qualsevol altre contingut de la p\u00e0gina web.<\/p><p>L&#8217;acc\u00e9s a aquests continguts o l&#8217;\u00fas d&#8217;aquests per part de l&#8217;usuari no implica cap tipus de ren\u00fancia, transmissi\u00f3 o cessi\u00f3 d&#8217;aquests drets i per tant, l&#8217;usuari reconeix que tots els continguts del lloc web, xarxes socials, etc., estan protegits per drets de propietat intel\u00b7lectual i industrial, propietat del titular del lloc web o,\u00a0 si s&#8217; escau, de tercers. L&#8217;usuari nom\u00e9s pot utilitzar el lloc web i els seus continguts per al seu \u00fas personal i privat.<\/p><p>Si l&#8217;usuari o un tercer considera que qualsevol dels continguts d&#8217;aquesta p\u00e0gina web ha estat introdu\u00eft violant els seus drets de propietat intel\u00b7lectual i\/o industrial, haur\u00e0 de remetre una notificaci\u00f3 a Fundaci\u00f3 Escola i Vida identificant-se a si mateix i al titular dels drets de propietat intel\u00b7lectual o industrial, indicant els drets suposadament infringits,\u00a0 i aportant el t\u00edtol o l&#8217; acreditaci\u00f3 de la representaci\u00f3 dels esmentats drets.<\/p><p><strong>4.RESPONSABILITAT<\/strong><\/p><p>El titular del domini no ser\u00e0 responsable dels danys i perjudicis que puguin derivar-se d&#8217; interfer\u00e8ncies, desconnexions en el sistema electr\u00f2nic, pres\u00e8ncia de virus inform\u00e0tics, programes maliciosos, de l&#8217; \u00fas que tercers realitzin de la informaci\u00f3 publicada en el portal o de qualsevol altre factor ali\u00e8 al seu control.<\/p><p>Tampoc ser\u00e0 responsable ni realitza cap control dels continguts o sistemes de tercers connectats al seu domini o enlla\u00e7ats amb el mateix. Ara b\u00e9, quan tingui coneixement que els enlla\u00e7os inclouen continguts il\u00b7l\u00edcits, els retirar\u00e0.<\/p><p>A m\u00e9s, Fundaci\u00f3 Escola i Vida es reserva el dret a exercir les accions legals que correspongui contra aquells que vulnerin les presents condicions. En aquest sentit, l&#8217;\u00fanic responsable dels danys i perjudicis que pugui patir com a conseq\u00fc\u00e8ncia del incompliment de les presents condicions per part del titular del domini o d&#8217; un tercer ser\u00e0 l&#8217; usuari.<\/p><p><strong>5. PRIVACITAT<\/strong><\/p><p style=\"padding-left: 40px;\"><strong>5.1. DRET D&#8217;INFORMACI\u00d3<\/strong><\/p><p style=\"padding-left: 40px;\">De conformitat amb el que disposa l&#8217;article 13 del Reglament (UE) 2016\/679 del Parlament Europeu i del Consell, de 27 d&#8217;abril de 2016 (\u00abRGPD\u00bb), l&#8217;informem que Fundaci\u00f3 Escola i Vida ser\u00e0 responsable de les dades que vost\u00e8 ens faciliti a trav\u00e9s dels formularis del lloc web i que envi\u00ef a la nostra adre\u00e7a de correu electr\u00f2nic. La finalitat del tractament ser\u00e0 atendre les seves peticions a la Fundaci\u00f3 Escola i Vida, gestionar les ofertes educatives i, amb el seu consentiment expr\u00e9s, mantenir-lo informat de les nostres activitats i ofertes educatives per tel\u00e8fon, correu postal i\/o electr\u00f2nic.<\/p><p style=\"padding-left: 40px;\">La Fundaci\u00f3 Escola i Vida, per tal que pugui prestar-li un millor servei, l&#8217;informa que incorporar\u00e0 les seves dades personals amb el seu consentiment en un fitxer automatitzat de la nostra propietat per gestionar la seva sol\u00b7licitud i informar-lo sobre l&#8217;oferta educativa. En els formularis de recollida de dades estaran marcades les dades que obligat\u00f2riament haur\u00e0 d&#8217;aportar-nos perqu\u00e8 puguem tramitar la seva petici\u00f3. El fet de no aportar-los pot impedir que gestionem correctament la seva petici\u00f3.<\/p><p style=\"padding-left: 40px;\">La base legal del tractament ser\u00e0 l&#8217; inter\u00e8s leg\u00edtim en la comunicaci\u00f3 o, si s&#8217; escau, la prestaci\u00f3 del consentiment de l&#8217; interessat en emplenar el formulari, acceptar la Pol\u00edtica de Privacitat, essent el tractament de les dades necess\u00e0ries per facilitar la informaci\u00f3 o gestionar la seva petici\u00f3.<\/p><p style=\"padding-left: 40px;\"><strong>5.2. ACCEPTACI\u00d3 DE LES CONDICIONS<\/strong><\/p><p style=\"padding-left: 40px;\">S&#8217;entendr\u00e0 que l&#8217;usuari accepta les condicions establertes si polsa el bot\u00f3 \u00abHE LLEGIT I ACCEPTO LES CONDICIONS\u00bb incl\u00f2s en tots els formularis de recollida de dades o si envia un correu electr\u00f2nic a les adreces de contacte que figuren al lloc web.<\/p><p style=\"padding-left: 40px;\"><strong>5.3. SEGURETAT<\/strong><\/p><p style=\"padding-left: 40px;\">Les dades personals recollides dels nostres usuaris seran tractades aplicant les mesures oportunes de car\u00e0cter t\u00e8cnic, estructural i de seguretat necess\u00e0ries, per tal de preservar la integritat i seguretat de la informaci\u00f3 personal aportada.<\/p><p style=\"padding-left: 40px;\"><strong>5.4. ENLLA\u00c7OS<\/strong><\/p><p style=\"padding-left: 40px;\">Per facilitar la recerca de recursos que considerem que s\u00f3n del seu inter\u00e8s, en el present lloc web podr\u00e0 trobar enlla\u00e7os a xarxes socials i altres p\u00e0gines web d&#8217;entitats germanes que gestiona Fundaci\u00f3 Escola i Vida, que compten amb un espai al lloc web on s&#8217;inclouen logos i enlla\u00e7os web d&#8217;altres entitats que es consideren d&#8217;inter\u00e8s.<\/p><p><strong>6. MODIFICACIONS DE LES PRESENTS CONDICIONS I VIG\u00c8NCIA<\/strong><\/p><p>El titular d&#8217;aquesta web pot modificar les presents condicions en qualsevol moment, sense previ av\u00eds, publicant les seves modificacions tal com aqu\u00ed apareixen. Una vegada modificades, les presents condicions deixaran d&#8217; estar vigents i seran substitu\u00efdes per la seva modificaci\u00f3.<\/p><p><strong>7.LEGISLACI\u00d3 APLICABLE I JURISDICCI\u00d3<\/strong><\/p><p>Per a totes les q\u00fcestions que se suscitin sobre la interpretaci\u00f3, aplicaci\u00f3 i compliment d&#8217; aquest Av\u00eds Legal, aix\u00ed com de les reclamacions que puguin derivar-se del seu \u00fas, totes les parts intervinents se sotmeten als jutges i tribunals de Barcelona, renunciant de forma expressa a qualsevol altre fur que pogu\u00e9s correspondre&#8217; ls, i regint-se per la Llei Espanyola.<\/p><p>\u00a0<\/p>\t\t\t\t\t\t\t\t<\/div>\n\t\t\t\t<\/div>\n\t\t\t\t\t<\/div>\n\t\t<\/div>\n\t\t\t\t\t<\/div>\n\t\t<\/section>\n\t\t\t\t<\/div>\n\t\t","protected":false},"excerpt":{"rendered":"<p>Av\u00eds legal El present Av\u00eds Legal regula les condicions generals d&#8217;acc\u00e9s i utilitzaci\u00f3 del lloc web amb adre\u00e7a URL https:\/\/www.escolasantlluis.cat\/novaweb\/ i aquelles que es troben en el subdomini de https:\/\/www.bisbatdeterrassa.org\/ca\/diocesi\/escoles, (en endavant, i conjuntament \u00ablloc web\u00bb). La finalitat del lloc web \u00e9s informar els usuaris dels serveis i gestionar les relacions i comunicacions del centre [&hellip;]<\/p>\n","protected":false},"author":1,"featured_media":0,"parent":0,"menu_order":0,"comment_status":"closed","ping_status":"closed","template":"","meta":{"footnotes":""},"class_list":["post-3627","page","type-page","status-publish","hentry"],"_links":{"self":[{"href":"https:\/\/www.escolasantlluis.cat\/novaweb\/wp-json\/wp\/v2\/pages\/3627","targetHints":{"allow":["GET"]}}],"collection":[{"href":"https:\/\/www.escolasantlluis.cat\/novaweb\/wp-json\/wp\/v2\/pages"}],"about":[{"href":"https:\/\/www.escolasantlluis.cat\/novaweb\/wp-json\/wp\/v2\/types\/page"}],"author":[{"embeddable":true,"href":"https:\/\/www.escolasantlluis.cat\/novaweb\/wp-json\/wp\/v2\/users\/1"}],"replies":[{"embeddable":true,"href":"https:\/\/www.escolasantlluis.cat\/novaweb\/wp-json\/wp\/v2\/comments?post=3627"}],"version-history":[{"count":10,"href":"https:\/\/www.escolasantlluis.cat\/novaweb\/wp-json\/wp\/v2\/pages\/3627\/revisions"}],"predecessor-version":[{"id":5843,"href":"https:\/\/www.escolasantlluis.cat\/novaweb\/wp-json\/wp\/v2\/pages\/3627\/revisions\/5843"}],"wp:attachment":[{"href":"https:\/\/www.escolasantlluis.cat\/novaweb\/wp-json\/wp\/v2\/media?parent=3627"}],"curies":[{"name":"wp","href":"https:\/\/api.w.org\/{rel}","templated":true}]}}

AVÍS LEGAL

<div data-elementor-type="wp-page" data-elementor-id="3627" class="elementor elementor-3627" data-elementor-post-type="page">
						<section class="elementor-section elementor-top-section elementor-element elementor-element-956e0fe elementor-section-boxed elementor-section-height-default elementor-section-height-default" data-id="956e0fe" data-element_type="section" data-e-type="section" data-settings="{&quot;background_background&quot;:&quot;classic&quot;}">
							<div class="elementor-background-overlay"></div>
							<div class="elementor-container elementor-column-gap-default">
					<div class="elementor-column elementor-col-100 elementor-top-column elementor-element elementor-element-222d459" data-id="222d459" data-element_type="column" data-e-type="column">
			<div class="elementor-widget-wrap elementor-element-populated">
						<div class="elementor-element elementor-element-929ddb9 elementor-widget elementor-widget-heading" data-id="929ddb9" data-element_type="widget" data-e-type="widget" data-widget_type="heading.default">
				<div class="elementor-widget-container">
					<h2 class="elementor-heading-title elementor-size-default">Avís legal</h2>				</div>
				</div>
					</div>
		</div>
					</div>
		</section>
				<section class="elementor-section elementor-top-section elementor-element elementor-element-9ce5da4 elementor-section-content-middle elementor-section-boxed elementor-section-height-default elementor-section-height-default" data-id="9ce5da4" data-element_type="section" data-e-type="section" data-settings="{&quot;background_background&quot;:&quot;classic&quot;}">
						<div class="elementor-container elementor-column-gap-no">
					<div class="elementor-column elementor-col-100 elementor-top-column elementor-element elementor-element-471bfe5" data-id="471bfe5" data-element_type="column" data-e-type="column">
			<div class="elementor-widget-wrap elementor-element-populated">
						<div class="elementor-element elementor-element-0123202 elementor-widget elementor-widget-text-editor" data-id="0123202" data-element_type="widget" data-e-type="widget" data-widget_type="text-editor.default">
				<div class="elementor-widget-container">
									<p>El present Avís Legal regula les condicions generals d&#8217;accés i utilització del lloc web amb adreça URL <a href="https://www.escolasantlluis.cat/novaweb/">https://www.escolasantlluis.cat/novaweb/</a> i aquelles que es troben en el subdomini de <a href="https://www.bisbatdeterrassa.org/ca/diocesi/escoles">https://www.bisbatdeterrassa.org/ca/diocesi/escoles</a>, (en endavant, i conjuntament «lloc web»).</p><p>La finalitat del lloc web és informar els usuaris dels serveis i gestionar les relacions i comunicacions del centre escolar Mare de Déu de la Salut que la Fundació Escola i Vida gestiona, pugui tenir amb vostè, així com oferir informació i serveis del seu interès.</p><p><strong>1. IDENTIFICACIÓ DEL TITULAR DEL DOMINI</strong></p><p>En compliment del deure d&#8217;informació recollit a l&#8217;article 10 de la Llei 34/2002, d&#8217;11 de juliol, de Serveis de la Societat de la Informació i del Comerç Electrònic, es publiquen les següents dades:</p><ul><li>El titular d&#8217;aquest lloc web és: FUNDACIÓ ESCOLA I VIDA (Escola Sant Lluís Gonçaga), amb domicili al Carrer Vinyals, 47-49; 08221 Terrassa (Barcelona), amb número de CIF R0801782D i inscrita al Registre d&#8217;Entitats Religioses del Ministeri de Justícia.</li><li>Telèfon de contacte: <a href="https://www.google.com/search?q=telefono+bisbta+de+terrassa&amp;rlz=1C1CHBD_esES1054ES1054&amp;oq=telefono+bisbta+de+terrassa&amp;gs_lcrp=EgZjaHJvbWUyBggAEEUYOTIJCAEQIRgKGKAB0gEMMTU2NzE2MWowajE1qAIAsAIA&amp;sourceid=chrome&amp;ie=UTF-8">937 33 71 20</a></li><li>Correu electrònic de contacte: <a href="mailto:ppardo@escolaivida.org">protecciodades@escolaivida.org</a><u>.</u></li></ul><p><strong><br />2. CONDICIONS GENERALS D&#8217;ÚS DE LA PÀGINA WEB</strong></p><ul><li>Té la condició d&#8217;usuari tot aquell que accedeixi a aquest lloc web i utilitzi els seus serveis.</li><li>Pel sol fet d&#8217;entrar en la present pàgina web, l&#8217;usuari accepta les presents condicions d&#8217;ús i assumeix la responsabilitat de l&#8217;ús que pugui realitzar d&#8217;aquest lloc sota els principis de respecte a la legalitat vigent, a la moral, a l&#8217;ordre públic, als bons costums i als drets de tercers.</li><li>Aquesta responsabilitat s&#8217; estén al registre que fos necessari per accedir a determinats serveis o continguts, en el procés dels quals l&#8217; usuari haurà d&#8217; aportar informació veraç i lícita.</li></ul><p>L&#8217;usuari es compromet a realitzar un ús adequat dels continguts i serveis que la Fundació Escola i Vida ofereix a través d&#8217;aquest lloc web i, amb caràcter enunciatiu, però no limitatiu, a no utilitzar-los per:</p><ol><li>Provocar danys, deterioraments, saturacions o alentiments en els sistemes físics i lògic a la Fundació Escola i Vida, dels seus proveïdors o terceres persones, així com introduir o difondre en la xarxa virus informàtics o qualssevol altres sistemes físics o lògics que siguin susceptibles de provocar els danys anteriorment esmentats.</li><li>Intentar accedir i, si s&#8217; escau, utilitzar els comptes de correu electrònic d&#8217; altres usuaris i modificar o manipular els seus missatges.</li></ol><p><strong><br />3. PROPIETAT INTEL·LECTUAL I INDUSTRIAL</strong></p><p>La Fundació Escola i Vida és titular de tots els drets de propietat intel·lectual i industrial de les seves pàgines web, xarxes socials, etc., així com de tot el seu contingut —informació, textos, imatges, gràfics i materials—, del disseny del portal —estructura, selecció, ordenació, menús i botons de navegació—, dels programes, del desenvolupament d&#8217;aplicacions utilitzades, dels codis font,  així com dels logos, marques i altres signes distintius que hi apareixen, i qualsevol altre contingut de la pàgina web.</p><p>L&#8217;accés a aquests continguts o l&#8217;ús d&#8217;aquests per part de l&#8217;usuari no implica cap tipus de renúncia, transmissió o cessió d&#8217;aquests drets i per tant, l&#8217;usuari reconeix que tots els continguts del lloc web, xarxes socials, etc., estan protegits per drets de propietat intel·lectual i industrial, propietat del titular del lloc web o,  si s&#8217; escau, de tercers. L&#8217;usuari només pot utilitzar el lloc web i els seus continguts per al seu ús personal i privat.</p><p>Si l&#8217;usuari o un tercer considera que qualsevol dels continguts d&#8217;aquesta pàgina web ha estat introduït violant els seus drets de propietat intel·lectual i/o industrial, haurà de remetre una notificació a Fundació Escola i Vida identificant-se a si mateix i al titular dels drets de propietat intel·lectual o industrial, indicant els drets suposadament infringits,  i aportant el títol o l&#8217; acreditació de la representació dels esmentats drets.</p><p><strong>4.RESPONSABILITAT</strong></p><p>El titular del domini no serà responsable dels danys i perjudicis que puguin derivar-se d&#8217; interferències, desconnexions en el sistema electrònic, presència de virus informàtics, programes maliciosos, de l&#8217; ús que tercers realitzin de la informació publicada en el portal o de qualsevol altre factor aliè al seu control.</p><p>Tampoc serà responsable ni realitza cap control dels continguts o sistemes de tercers connectats al seu domini o enllaçats amb el mateix. Ara bé, quan tingui coneixement que els enllaços inclouen continguts il·lícits, els retirarà.</p><p>A més, Fundació Escola i Vida es reserva el dret a exercir les accions legals que correspongui contra aquells que vulnerin les presents condicions. En aquest sentit, l&#8217;únic responsable dels danys i perjudicis que pugui patir com a conseqüència del incompliment de les presents condicions per part del titular del domini o d&#8217; un tercer serà l&#8217; usuari.</p><p><strong>5. PRIVACITAT</strong></p><p style="padding-left: 40px;"><strong>5.1. DRET D&#8217;INFORMACIÓ</strong></p><p style="padding-left: 40px;">De conformitat amb el que disposa l&#8217;article 13 del Reglament (UE) 2016/679 del Parlament Europeu i del Consell, de 27 d&#8217;abril de 2016 («RGPD»), l&#8217;informem que Fundació Escola i Vida serà responsable de les dades que vostè ens faciliti a través dels formularis del lloc web i que enviï a la nostra adreça de correu electrònic. La finalitat del tractament serà atendre les seves peticions a la Fundació Escola i Vida, gestionar les ofertes educatives i, amb el seu consentiment exprés, mantenir-lo informat de les nostres activitats i ofertes educatives per telèfon, correu postal i/o electrònic.</p><p style="padding-left: 40px;">La Fundació Escola i Vida, per tal que pugui prestar-li un millor servei, l&#8217;informa que incorporarà les seves dades personals amb el seu consentiment en un fitxer automatitzat de la nostra propietat per gestionar la seva sol·licitud i informar-lo sobre l&#8217;oferta educativa. En els formularis de recollida de dades estaran marcades les dades que obligatòriament haurà d&#8217;aportar-nos perquè puguem tramitar la seva petició. El fet de no aportar-los pot impedir que gestionem correctament la seva petició.</p><p style="padding-left: 40px;">La base legal del tractament serà l&#8217; interès legítim en la comunicació o, si s&#8217; escau, la prestació del consentiment de l&#8217; interessat en emplenar el formulari, acceptar la Política de Privacitat, essent el tractament de les dades necessàries per facilitar la informació o gestionar la seva petició.</p><p style="padding-left: 40px;"><strong>5.2. ACCEPTACIÓ DE LES CONDICIONS</strong></p><p style="padding-left: 40px;">S&#8217;entendrà que l&#8217;usuari accepta les condicions establertes si polsa el botó «HE LLEGIT I ACCEPTO LES CONDICIONS» inclòs en tots els formularis de recollida de dades o si envia un correu electrònic a les adreces de contacte que figuren al lloc web.</p><p style="padding-left: 40px;"><strong>5.3. SEGURETAT</strong></p><p style="padding-left: 40px;">Les dades personals recollides dels nostres usuaris seran tractades aplicant les mesures oportunes de caràcter tècnic, estructural i de seguretat necessàries, per tal de preservar la integritat i seguretat de la informació personal aportada.</p><p style="padding-left: 40px;"><strong>5.4. ENLLAÇOS</strong></p><p style="padding-left: 40px;">Per facilitar la recerca de recursos que considerem que són del seu interès, en el present lloc web podrà trobar enllaços a xarxes socials i altres pàgines web d&#8217;entitats germanes que gestiona Fundació Escola i Vida, que compten amb un espai al lloc web on s&#8217;inclouen logos i enllaços web d&#8217;altres entitats que es consideren d&#8217;interès.</p><p><strong>6. MODIFICACIONS DE LES PRESENTS CONDICIONS I VIGÈNCIA</strong></p><p>El titular d&#8217;aquesta web pot modificar les presents condicions en qualsevol moment, sense previ avís, publicant les seves modificacions tal com aquí apareixen. Una vegada modificades, les presents condicions deixaran d&#8217; estar vigents i seran substituïdes per la seva modificació.</p><p><strong>7.LEGISLACIÓ APLICABLE I JURISDICCIÓ</strong></p><p>Per a totes les qüestions que se suscitin sobre la interpretació, aplicació i compliment d&#8217; aquest Avís Legal, així com de les reclamacions que puguin derivar-se del seu ús, totes les parts intervinents se sotmeten als jutges i tribunals de Barcelona, renunciant de forma expressa a qualsevol altre fur que pogués correspondre&#8217; ls, i regint-se per la Llei Espanyola.</p><p> </p>								</div>
				</div>
					</div>
		</div>
					</div>
		</section>
				</div>

<p>Avís legal El present Avís Legal regula les condicions generals d&#8217;accés i utilització del lloc web amb adreça URL https://www.escolasantlluis.cat/novaweb/ i aquelles que es troben en el subdomini de https://www.bisbatdeterrassa.org/ca/diocesi/escoles, (en endavant, i conjuntament «lloc web»). La finalitat del lloc web és informar els usuaris dels serveis i gestionar les relacions i comunicacions del centre [&hellip;]</p>
